{"id":2,"date":"2022-04-11T17:25:07","date_gmt":"2022-04-11T17:25:07","guid":{"rendered":"https:\/\/optikapm.eu\/obchod\/?page_id=2"},"modified":"2022-04-19T07:42:11","modified_gmt":"2022-04-19T07:42:11","slug":"sample-page","status":"publish","type":"page","link":"https:\/\/optikapm.eu\/obchod\/sample-page\/","title":{"rendered":"O n\u00e1s"},"content":{"rendered":"\t\t<div data-elementor-type=\"wp-page\" data-elementor-id=\"2\" class=\"elementor elementor-2\">\n\t\t\t\t\t\t<section class=\"elementor-section elementor-top-section elementor-element elementor-element-e2686fb elementor-section-boxed elementor-section-height-default elementor-section-height-default\" data-id=\"e2686fb\" data-element_type=\"section\">\n\t\t\t\t\t\t<div class=\"elementor-container elementor-column-gap-default\">\n\t\t\t\t\t<div class=\"elementor-column elementor-col-33 elementor-top-column elementor-element elementor-element-e41afb1\" data-id=\"e41afb1\" data-element_type=\"column\">\n\t\t\t<div class=\"elementor-widget-wrap elementor-element-populated\">\n\t\t\t\t\t\t<div class=\"elementor-element elementor-element-95b618c elementor-widget elementor-widget-image\" data-id=\"95b618c\" data-element_type=\"widget\" data-widget_type=\"image.default\">\n\t\t\t\t<div class=\"elementor-widget-container\">\n\t\t\t\t\t\t\t\t\t\t\t\t\t\t\t<img fetchpriority=\"high\" decoding=\"async\" width=\"1024\" height=\"577\" src=\"https:\/\/optikapm.eu\/obchod\/wp-content\/uploads\/2022\/04\/17621779_1783598525293045_4950029955760558135_o-1-1024x577.jpg\" class=\"attachment-large size-large wp-image-3440\" alt=\"\" srcset=\"https:\/\/optikapm.eu\/obchod\/wp-content\/uploads\/2022\/04\/17621779_1783598525293045_4950029955760558135_o-1-1024x577.jpg 1024w, https:\/\/optikapm.eu\/obchod\/wp-content\/uploads\/2022\/04\/17621779_1783598525293045_4950029955760558135_o-1-300x169.jpg 300w, https:\/\/optikapm.eu\/obchod\/wp-content\/uploads\/2022\/04\/17621779_1783598525293045_4950029955760558135_o-1-768x432.jpg 768w, https:\/\/optikapm.eu\/obchod\/wp-content\/uploads\/2022\/04\/17621779_1783598525293045_4950029955760558135_o-1-1536x865.jpg 1536w, https:\/\/optikapm.eu\/obchod\/wp-content\/uploads\/2022\/04\/17621779_1783598525293045_4950029955760558135_o-1-1140x641.jpg 1140w, https:\/\/optikapm.eu\/obchod\/wp-content\/uploads\/2022\/04\/17621779_1783598525293045_4950029955760558135_o-1-720x405.jpg 720w, https:\/\/optikapm.eu\/obchod\/wp-content\/uploads\/2022\/04\/17621779_1783598525293045_4950029955760558135_o-1-600x338.jpg 600w, https:\/\/optikapm.eu\/obchod\/wp-content\/uploads\/2022\/04\/17621779_1783598525293045_4950029955760558135_o-1.jpg 2048w\" sizes=\"(max-width: 1024px) 100vw, 1024px\" \/>\t\t\t\t\t\t\t\t\t\t\t\t\t\t\t<\/div>\n\t\t\t\t<\/div>\n\t\t\t\t\t<\/div>\n\t\t<\/div>\n\t\t\t\t<div class=\"elementor-column elementor-col-33 elementor-top-column elementor-element elementor-element-84f093b\" data-id=\"84f093b\" data-element_type=\"column\">\n\t\t\t<div class=\"elementor-widget-wrap elementor-element-populated\">\n\t\t\t\t\t\t<div class=\"elementor-element elementor-element-fb83e40 elementor-widget elementor-widget-image\" data-id=\"fb83e40\" data-element_type=\"widget\" data-widget_type=\"image.default\">\n\t\t\t\t<div class=\"elementor-widget-container\">\n\t\t\t\t\t\t\t\t\t\t\t\t\t\t\t<img decoding=\"async\" width=\"1024\" height=\"576\" src=\"https:\/\/optikapm.eu\/obchod\/wp-content\/uploads\/2022\/04\/19095646_1826850420967855_795116900192246417_o-1024x576.jpeg\" class=\"attachment-large size-large wp-image-3443\" alt=\"\" srcset=\"https:\/\/optikapm.eu\/obchod\/wp-content\/uploads\/2022\/04\/19095646_1826850420967855_795116900192246417_o-1024x576.jpeg 1024w, https:\/\/optikapm.eu\/obchod\/wp-content\/uploads\/2022\/04\/19095646_1826850420967855_795116900192246417_o-300x169.jpeg 300w, https:\/\/optikapm.eu\/obchod\/wp-content\/uploads\/2022\/04\/19095646_1826850420967855_795116900192246417_o-768x432.jpeg 768w, https:\/\/optikapm.eu\/obchod\/wp-content\/uploads\/2022\/04\/19095646_1826850420967855_795116900192246417_o-1536x864.jpeg 1536w, https:\/\/optikapm.eu\/obchod\/wp-content\/uploads\/2022\/04\/19095646_1826850420967855_795116900192246417_o-1140x641.jpeg 1140w, https:\/\/optikapm.eu\/obchod\/wp-content\/uploads\/2022\/04\/19095646_1826850420967855_795116900192246417_o-720x405.jpeg 720w, https:\/\/optikapm.eu\/obchod\/wp-content\/uploads\/2022\/04\/19095646_1826850420967855_795116900192246417_o-600x338.jpeg 600w, https:\/\/optikapm.eu\/obchod\/wp-content\/uploads\/2022\/04\/19095646_1826850420967855_795116900192246417_o.jpeg 2048w\" sizes=\"(max-width: 1024px) 100vw, 1024px\" \/>\t\t\t\t\t\t\t\t\t\t\t\t\t\t\t<\/div>\n\t\t\t\t<\/div>\n\t\t\t\t\t<\/div>\n\t\t<\/div>\n\t\t\t\t<div class=\"elementor-column elementor-col-33 elementor-top-column elementor-element elementor-element-a8a58c1\" data-id=\"a8a58c1\" data-element_type=\"column\">\n\t\t\t<div class=\"elementor-widget-wrap elementor-element-populated\">\n\t\t\t\t\t\t<div class=\"elementor-element elementor-element-b5123ff elementor-widget elementor-widget-image\" data-id=\"b5123ff\" data-element_type=\"widget\" data-widget_type=\"image.default\">\n\t\t\t\t<div class=\"elementor-widget-container\">\n\t\t\t\t\t\t\t\t\t\t\t\t\t\t\t<img decoding=\"async\" width=\"1024\" height=\"576\" src=\"https:\/\/optikapm.eu\/obchod\/wp-content\/uploads\/2022\/04\/19143207_1826850620967835_2315520472871672996_o-1024x576.jpeg\" class=\"attachment-large size-large wp-image-3444\" alt=\"\" srcset=\"https:\/\/optikapm.eu\/obchod\/wp-content\/uploads\/2022\/04\/19143207_1826850620967835_2315520472871672996_o-1024x576.jpeg 1024w, https:\/\/optikapm.eu\/obchod\/wp-content\/uploads\/2022\/04\/19143207_1826850620967835_2315520472871672996_o-300x169.jpeg 300w, https:\/\/optikapm.eu\/obchod\/wp-content\/uploads\/2022\/04\/19143207_1826850620967835_2315520472871672996_o-768x432.jpeg 768w, https:\/\/optikapm.eu\/obchod\/wp-content\/uploads\/2022\/04\/19143207_1826850620967835_2315520472871672996_o-1536x864.jpeg 1536w, https:\/\/optikapm.eu\/obchod\/wp-content\/uploads\/2022\/04\/19143207_1826850620967835_2315520472871672996_o-1140x641.jpeg 1140w, https:\/\/optikapm.eu\/obchod\/wp-content\/uploads\/2022\/04\/19143207_1826850620967835_2315520472871672996_o-720x405.jpeg 720w, https:\/\/optikapm.eu\/obchod\/wp-content\/uploads\/2022\/04\/19143207_1826850620967835_2315520472871672996_o-600x338.jpeg 600w, https:\/\/optikapm.eu\/obchod\/wp-content\/uploads\/2022\/04\/19143207_1826850620967835_2315520472871672996_o.jpeg 2048w\" sizes=\"(max-width: 1024px) 100vw, 1024px\" \/>\t\t\t\t\t\t\t\t\t\t\t\t\t\t\t<\/div>\n\t\t\t\t<\/div>\n\t\t\t\t\t<\/div>\n\t\t<\/div>\n\t\t\t\t\t<\/div>\n\t\t<\/section>\n\t\t\t\t<section class=\"elementor-section elementor-top-section elementor-element elementor-element-ff95681 elementor-section-boxed elementor-section-height-default elementor-section-height-default\" data-id=\"ff95681\" data-element_type=\"section\">\n\t\t\t\t\t\t<div class=\"elementor-container elementor-column-gap-default\">\n\t\t\t\t\t<div class=\"elementor-column elementor-col-100 elementor-top-column elementor-element elementor-element-577d33b\" data-id=\"577d33b\" data-element_type=\"column\">\n\t\t\t<div class=\"elementor-widget-wrap elementor-element-populated\">\n\t\t\t\t\t\t<div class=\"elementor-element elementor-element-a8c4c81 elementor-widget elementor-widget-text-editor\" data-id=\"a8c4c81\" data-element_type=\"widget\" data-widget_type=\"text-editor.default\">\n\t\t\t\t<div class=\"elementor-widget-container\">\n\t\t\t\t\t\t\t\t\t<p style=\"margin: 0cm; font-size: medium; font-family: Calibri, sans-serif; caret-color: #000000; color: #000000;\">Sme optika rodinn\u00e9ho typu, ktorej samozrejmos\u0165ou je n\u00e1js\u0165 optim\u00e1lne rie\u0161enie Va\u0161ich probl\u00e9mov s viden\u00edm. Osobn\u00fdm pr\u00edstupom k z\u00e1kazn\u00edkovi poskytujeme komplexn\u00fa starostlivos\u0165 o V\u00e1\u0161 zrak. Na\u0161ou prednos\u0165ou je profesionalita a sk\u00fasenos\u0165. H\u013ead\u00e1me pre V\u00e1s v\u017edy efekt\u00edvne rie\u0161enie. Va\u0161a spokojnos\u0165 je pre n\u00e1s prioritou.<\/p><p style=\"margin: 0cm; font-size: medium; font-family: Calibri, sans-serif; caret-color: #000000; color: #000000;\">\u00a0<\/p><p style=\"margin: 0cm; font-size: medium; font-family: Calibri, sans-serif; caret-color: #000000; color: #000000;\">N\u00e1\u0161 odborn\u00fd person\u00e1l V\u00e1m pom\u00f4\u017ee vybra\u0165 ten najvhodnej\u0161\u00ed okuliarov\u00fd r\u00e1m. Porad\u00edme V\u00e1m pri v\u00fdbere okuliarov alebo\u00a0kontaktn\u00fdch \u0161o\u0161oviek.<\/p><p style=\"margin: 0cm; font-size: medium; font-family: Calibri, sans-serif; caret-color: #000000; color: #000000;\">V na\u0161ej optike V\u00e1m zabr\u00fasime skl\u00e1 do okuliarov, t.j. vyhotov\u00edme V\u00e1m komplet okuliare v \u010do najkrat\u0161om mo\u017enom \u010dase. Pon\u00fakame dioptrick\u00e9, slne\u010dn\u00e9, pracovn\u00e9 a \u0161portov\u00e9 okuliare.\u00a0<\/p><p style=\"margin: 0cm; font-size: medium; font-family: Calibri, sans-serif; caret-color: #000000; color: #000000;\">\u00a0<\/p><p style=\"margin: 0cm; font-size: medium; font-family: Calibri, sans-serif; caret-color: #000000; color: #000000;\"><b>Kvalitn\u00e9 origin\u00e1lne produkty renomovam\u00fdch zna\u010diek<\/b><\/p><p style=\"margin: 0cm; font-size: medium; font-family: Calibri, sans-serif; caret-color: #000000; color: #000000;\">Pred\u00e1vame len a v\u00fdlu\u010dne origin\u00e1l tovar najv\u00e4\u010d\u0161\u00edch firiem z odboru kontaktn\u00fdch \u0161o\u0161oviek &#8211; neexperimentujeme s m\u00e1lo zn\u00e1mymi v\u00fdrobcami.<\/p><p style=\"margin: 0cm; font-size: medium; font-family: Calibri, sans-serif; caret-color: #000000; color: #000000;\">Tovar nakupujeme cez ofici\u00e1lnych predajcov t\u00fdchto firiem. Na\u0161i z\u00e1kazn\u00edci od n\u00e1s nek\u00fapi falo\u0161n\u00fd tovar.<\/p><p style=\"margin: 0cm; font-size: medium; font-family: Calibri, sans-serif; caret-color: #000000; color: #000000;\">Sme spolo\u010dnos\u0165 prev\u00e1dzkuj\u00faca o\u010dn\u00fa optiku, ktor\u00e1 podlieha \u0160\u00daKL &#8211; \u0160t\u00e1tny \u00fastav pre kontrolu lie\u010div<\/p><p style=\"margin: 0cm; font-size: medium; font-family: Calibri, sans-serif; caret-color: #000000; color: #000000;\">\u00a0<\/p><p style=\"margin: 0cm; font-size: medium; font-family: Calibri, sans-serif; caret-color: #000000; color: #000000;\">Kontaktn\u00e9 \u0161o\u0161ovky\u00a0m\u00e1me priamo v predajni i na objedn\u00e1vku. Na\u0161im z\u00e1kazn\u00edkom zabezpe\u010dujeme kontrolu zrakovej ostrosti bez \u010dakania. Sta\u010d\u00ed sa objedna\u0165 osobne, telefonicky alebo cez\u00a0objedn\u00e1vkov\u00fd formul\u00e1r\u00a0a n\u00e1\u0161 kvalifikovan\u00fd odborn\u00edk pre V\u00e1s ur\u010d\u00ed t\u00fa najvhodnej\u0161iu dioptriu.\u00a0<\/p><p style=\"margin: 0cm; font-size: medium; font-family: Calibri, sans-serif; caret-color: #000000; color: #000000;\">V pr\u00edpade ak\u00fdchko\u013evek ot\u00e1zok n\u00e1s kontaktujte osobne na <a href=\"https:\/\/optikapm.eu\/Kontakt.html\">adrese na\u0161ej prev\u00e1dzky<\/a> alebo telefonicky.<\/p>\t\t\t\t\t\t\t\t<\/div>\n\t\t\t\t<\/div>\n\t\t\t\t\t<\/div>\n\t\t<\/div>\n\t\t\t\t\t<\/div>\n\t\t<\/section>\n\t\t\t\t<\/div>\n\t\t","protected":false},"excerpt":{"rendered":"<p>Sme optika rodinn\u00e9ho typu, ktorej samozrejmos\u0165ou je n\u00e1js\u0165 optim\u00e1lne rie\u0161enie Va\u0161ich probl\u00e9mov s viden\u00edm. Osobn\u00fdm pr\u00edstupom k z\u00e1kazn\u00edkovi poskytujeme komplexn\u00fa&hellip;<\/p>\n","protected":false},"author":1,"featured_media":0,"parent":0,"menu_order":0,"comment_status":"closed","ping_status":"open","template":"elementor_header_footer","meta":{"footnotes":""},"class_list":["post-2","page","type-page","status-publish","hentry"],"_links":{"self":[{"href":"https:\/\/optikapm.eu\/obchod\/wp-json\/wp\/v2\/pages\/2","targetHints":{"allow":["GET"]}}],"collection":[{"href":"https:\/\/optikapm.eu\/obchod\/wp-json\/wp\/v2\/pages"}],"about":[{"href":"https:\/\/optikapm.eu\/obchod\/wp-json\/wp\/v2\/types\/page"}],"author":[{"embeddable":true,"href":"https:\/\/optikapm.eu\/obchod\/wp-json\/wp\/v2\/users\/1"}],"replies":[{"embeddable":true,"href":"https:\/\/optikapm.eu\/obchod\/wp-json\/wp\/v2\/comments?post=2"}],"version-history":[{"count":14,"href":"https:\/\/optikapm.eu\/obchod\/wp-json\/wp\/v2\/pages\/2\/revisions"}],"predecessor-version":[{"id":3813,"href":"https:\/\/optikapm.eu\/obchod\/wp-json\/wp\/v2\/pages\/2\/revisions\/3813"}],"wp:attachment":[{"href":"https:\/\/optikapm.eu\/obchod\/wp-json\/wp\/v2\/media?parent=2"}],"curies":[{"name":"wp","href":"https:\/\/api.w.org\/{rel}","templated":true}]}}

O nás

<div data-elementor-type="wp-page" data-elementor-id="2" class="elementor elementor-2">
						<section class="elementor-section elementor-top-section elementor-element elementor-element-e2686fb elementor-section-boxed elementor-section-height-default elementor-section-height-default" data-id="e2686fb" data-element_type="section">
						<div class="elementor-container elementor-column-gap-default">
					<div class="elementor-column elementor-col-33 elementor-top-column elementor-element elementor-element-e41afb1" data-id="e41afb1" data-element_type="column">
			<div class="elementor-widget-wrap elementor-element-populated">
						<div class="elementor-element elementor-element-95b618c elementor-widget elementor-widget-image" data-id="95b618c" data-element_type="widget" data-widget_type="image.default">
				<div class="elementor-widget-container">
															<img fetchpriority="high" decoding="async" width="1024" height="577" src="https://optikapm.eu/obchod/wp-content/uploads/2022/04/17621779_1783598525293045_4950029955760558135_o-1-1024x577.jpg" class="attachment-large size-large wp-image-3440" alt="" srcset="https://optikapm.eu/obchod/wp-content/uploads/2022/04/17621779_1783598525293045_4950029955760558135_o-1-1024x577.jpg 1024w, https://optikapm.eu/obchod/wp-content/uploads/2022/04/17621779_1783598525293045_4950029955760558135_o-1-300x169.jpg 300w, https://optikapm.eu/obchod/wp-content/uploads/2022/04/17621779_1783598525293045_4950029955760558135_o-1-768x432.jpg 768w, https://optikapm.eu/obchod/wp-content/uploads/2022/04/17621779_1783598525293045_4950029955760558135_o-1-1536x865.jpg 1536w, https://optikapm.eu/obchod/wp-content/uploads/2022/04/17621779_1783598525293045_4950029955760558135_o-1-1140x641.jpg 1140w, https://optikapm.eu/obchod/wp-content/uploads/2022/04/17621779_1783598525293045_4950029955760558135_o-1-720x405.jpg 720w, https://optikapm.eu/obchod/wp-content/uploads/2022/04/17621779_1783598525293045_4950029955760558135_o-1-600x338.jpg 600w, https://optikapm.eu/obchod/wp-content/uploads/2022/04/17621779_1783598525293045_4950029955760558135_o-1.jpg 2048w" sizes="(max-width: 1024px) 100vw, 1024px" />															</div>
				</div>
					</div>
		</div>
				<div class="elementor-column elementor-col-33 elementor-top-column elementor-element elementor-element-84f093b" data-id="84f093b" data-element_type="column">
			<div class="elementor-widget-wrap elementor-element-populated">
						<div class="elementor-element elementor-element-fb83e40 elementor-widget elementor-widget-image" data-id="fb83e40" data-element_type="widget" data-widget_type="image.default">
				<div class="elementor-widget-container">
															<img decoding="async" width="1024" height="576" src="https://optikapm.eu/obchod/wp-content/uploads/2022/04/19095646_1826850420967855_795116900192246417_o-1024x576.jpeg" class="attachment-large size-large wp-image-3443" alt="" srcset="https://optikapm.eu/obchod/wp-content/uploads/2022/04/19095646_1826850420967855_795116900192246417_o-1024x576.jpeg 1024w, https://optikapm.eu/obchod/wp-content/uploads/2022/04/19095646_1826850420967855_795116900192246417_o-300x169.jpeg 300w, https://optikapm.eu/obchod/wp-content/uploads/2022/04/19095646_1826850420967855_795116900192246417_o-768x432.jpeg 768w, https://optikapm.eu/obchod/wp-content/uploads/2022/04/19095646_1826850420967855_795116900192246417_o-1536x864.jpeg 1536w, https://optikapm.eu/obchod/wp-content/uploads/2022/04/19095646_1826850420967855_795116900192246417_o-1140x641.jpeg 1140w, https://optikapm.eu/obchod/wp-content/uploads/2022/04/19095646_1826850420967855_795116900192246417_o-720x405.jpeg 720w, https://optikapm.eu/obchod/wp-content/uploads/2022/04/19095646_1826850420967855_795116900192246417_o-600x338.jpeg 600w, https://optikapm.eu/obchod/wp-content/uploads/2022/04/19095646_1826850420967855_795116900192246417_o.jpeg 2048w" sizes="(max-width: 1024px) 100vw, 1024px" />															</div>
				</div>
					</div>
		</div>
				<div class="elementor-column elementor-col-33 elementor-top-column elementor-element elementor-element-a8a58c1" data-id="a8a58c1" data-element_type="column">
			<div class="elementor-widget-wrap elementor-element-populated">
						<div class="elementor-element elementor-element-b5123ff elementor-widget elementor-widget-image" data-id="b5123ff" data-element_type="widget" data-widget_type="image.default">
				<div class="elementor-widget-container">
															<img decoding="async" width="1024" height="576" src="https://optikapm.eu/obchod/wp-content/uploads/2022/04/19143207_1826850620967835_2315520472871672996_o-1024x576.jpeg" class="attachment-large size-large wp-image-3444" alt="" srcset="https://optikapm.eu/obchod/wp-content/uploads/2022/04/19143207_1826850620967835_2315520472871672996_o-1024x576.jpeg 1024w, https://optikapm.eu/obchod/wp-content/uploads/2022/04/19143207_1826850620967835_2315520472871672996_o-300x169.jpeg 300w, https://optikapm.eu/obchod/wp-content/uploads/2022/04/19143207_1826850620967835_2315520472871672996_o-768x432.jpeg 768w, https://optikapm.eu/obchod/wp-content/uploads/2022/04/19143207_1826850620967835_2315520472871672996_o-1536x864.jpeg 1536w, https://optikapm.eu/obchod/wp-content/uploads/2022/04/19143207_1826850620967835_2315520472871672996_o-1140x641.jpeg 1140w, https://optikapm.eu/obchod/wp-content/uploads/2022/04/19143207_1826850620967835_2315520472871672996_o-720x405.jpeg 720w, https://optikapm.eu/obchod/wp-content/uploads/2022/04/19143207_1826850620967835_2315520472871672996_o-600x338.jpeg 600w, https://optikapm.eu/obchod/wp-content/uploads/2022/04/19143207_1826850620967835_2315520472871672996_o.jpeg 2048w" sizes="(max-width: 1024px) 100vw, 1024px" />															</div>
				</div>
					</div>
		</div>
					</div>
		</section>
				<section class="elementor-section elementor-top-section elementor-element elementor-element-ff95681 elementor-section-boxed elementor-section-height-default elementor-section-height-default" data-id="ff95681" data-element_type="section">
						<div class="elementor-container elementor-column-gap-default">
					<div class="elementor-column elementor-col-100 elementor-top-column elementor-element elementor-element-577d33b" data-id="577d33b" data-element_type="column">
			<div class="elementor-widget-wrap elementor-element-populated">
						<div class="elementor-element elementor-element-a8c4c81 elementor-widget elementor-widget-text-editor" data-id="a8c4c81" data-element_type="widget" data-widget_type="text-editor.default">
				<div class="elementor-widget-container">
									<p style="margin: 0cm; font-size: medium; font-family: Calibri, sans-serif; caret-color: #000000; color: #000000;">Sme optika rodinného typu, ktorej samozrejmosťou je nájsť optimálne riešenie Vašich problémov s videním. Osobným prístupom k zákazníkovi poskytujeme komplexnú starostlivosť o Váš zrak. Našou prednosťou je profesionalita a skúsenosť. Hľadáme pre Vás vždy efektívne riešenie. Vaša spokojnosť je pre nás prioritou.</p><p style="margin: 0cm; font-size: medium; font-family: Calibri, sans-serif; caret-color: #000000; color: #000000;"> </p><p style="margin: 0cm; font-size: medium; font-family: Calibri, sans-serif; caret-color: #000000; color: #000000;">Náš odborný personál Vám pomôže vybrať ten najvhodnejší okuliarový rám. Poradíme Vám pri výbere okuliarov alebo kontaktných šošoviek.</p><p style="margin: 0cm; font-size: medium; font-family: Calibri, sans-serif; caret-color: #000000; color: #000000;">V našej optike Vám zabrúsime sklá do okuliarov, t.j. vyhotovíme Vám komplet okuliare v čo najkratšom možnom čase. Ponúkame dioptrické, slnečné, pracovné a športové okuliare. </p><p style="margin: 0cm; font-size: medium; font-family: Calibri, sans-serif; caret-color: #000000; color: #000000;"> </p><p style="margin: 0cm; font-size: medium; font-family: Calibri, sans-serif; caret-color: #000000; color: #000000;"><b>Kvalitné originálne produkty renomovamých značiek</b></p><p style="margin: 0cm; font-size: medium; font-family: Calibri, sans-serif; caret-color: #000000; color: #000000;">Predávame len a výlučne originál tovar najväčších firiem z odboru kontaktných šošoviek &#8211; neexperimentujeme s málo známymi výrobcami.</p><p style="margin: 0cm; font-size: medium; font-family: Calibri, sans-serif; caret-color: #000000; color: #000000;">Tovar nakupujeme cez oficiálnych predajcov týchto firiem. Naši zákazníci od nás nekúpi falošný tovar.</p><p style="margin: 0cm; font-size: medium; font-family: Calibri, sans-serif; caret-color: #000000; color: #000000;">Sme spoločnosť prevádzkujúca očnú optiku, ktorá podlieha ŠÚKL &#8211; Štátny ústav pre kontrolu liečiv</p><p style="margin: 0cm; font-size: medium; font-family: Calibri, sans-serif; caret-color: #000000; color: #000000;"> </p><p style="margin: 0cm; font-size: medium; font-family: Calibri, sans-serif; caret-color: #000000; color: #000000;">Kontaktné šošovky máme priamo v predajni i na objednávku. Našim zákazníkom zabezpečujeme kontrolu zrakovej ostrosti bez čakania. Stačí sa objednať osobne, telefonicky alebo cez objednávkový formulár a náš kvalifikovaný odborník pre Vás určí tú najvhodnejšiu dioptriu. </p><p style="margin: 0cm; font-size: medium; font-family: Calibri, sans-serif; caret-color: #000000; color: #000000;">V prípade akýchkoľvek otázok nás kontaktujte osobne na <a href="https://optikapm.eu/Kontakt.html">adrese našej prevádzky</a> alebo telefonicky.</p>								</div>
				</div>
					</div>
		</div>
					</div>
		</section>
				</div>

<p>Sme optika rodinného typu, ktorej samozrejmosťou je nájsť optimálne riešenie Vašich problémov s videním. Osobným prístupom k zákazníkovi poskytujeme komplexnú&hellip;</p>
