{"id":465,"date":"2022-04-13T16:59:32","date_gmt":"2022-04-13T16:59:32","guid":{"rendered":"https:\/\/optikapm.eu\/obchod\/?post_type=product&#038;p=465"},"modified":"2022-04-16T06:49:16","modified_gmt":"2022-04-16T06:49:16","slug":"options-premier-mesacne-kontaktne-sosovky-6ks","status":"publish","type":"product","link":"https:\/\/optikapm.eu\/obchod\/produkt\/options-premier-mesacne-kontaktne-sosovky-6ks\/","title":{"rendered":"Options Premier &#8211; MESA\u010cN\u00c9 kontaktn\u00e9 \u0161o\u0161ovky 6ks"},"content":{"rendered":"<p><b>CooperVision Expert<\/b> je unik\u00e1tny program, ktor\u00fd zah\u0155\u0148a predajne o\u010dnej optiky s najvy\u0161\u0161ou kvalitou odborn\u00fdch slu\u017eieb so zameran\u00edm na aplik\u00e1ciu kontaktn\u00fdch \u0161o\u0161oviek na Slovensku. \u0160pi\u010dkov\u00ed odborn\u00edci a mimoriadne \u0161irok\u00e1 produktov\u00e1 ponuka vr\u00e1tane niektorej zo \u0161peci\u00e1lnych zna\u010diek kontaktn\u00fdch \u0161o\u0161oviek (Ultraflex, Medivue, Options), umo\u017e\u0148uje vybra\u0165 ide\u00e1lne rie\u0161enie pre potreby pou\u017e\u00edvate\u013eov.<\/p>\n<p><b>Options Premier je premiov\u00e1 zna\u010dka<\/b> kontaktn\u00fdch \u0161o\u0161oviek spolo\u010dnosti CooperVision, ktor\u00fa o\u010dn\u00ed \u0161pecialisti odpor\u00fa\u010daj\u00fa na korekciu kr\u00e1tkozrakosti alebo \u010falekozrakosti. Tento vysokokvalitn\u00fd produkt bol navrhnut\u00fd pre najn\u00e1ro\u010dnej\u0161\u00edch klientov, ktor\u00ed rovnako ako vy prikladaj\u00fa ve\u013ek\u00fd v\u00fdznam kvalite videnia, pohodliu, bezpe\u010dnosti a slobode pri pou\u017e\u00edvan\u00ed \u0161o\u0161oviek.<br \/>\nOptions Premier s\u00fa mesa\u010dn\u00e9 silik\u00f3n-hydrog\u00e9lov\u00e9 kontaktn\u00e9 \u0161o\u0161ovky, ktor\u00e9 boli navrhnut\u00e9 pre v\u00fdnimo\u010dn\u00e9 pohodlie. Po cel\u00fd \u010das pou\u017e\u00edvania si uchov\u00e1vaj\u00fa svoje optick\u00e9 parametre a vlastnosti, a t\u00fdm umo\u017e\u0148uj\u00fa udr\u017ea\u0165 vysok\u00fa \u00farove\u0148 pohodlia aj po\u010das dlh\u00e9ho ru\u0161n\u00e9ho d\u0148a.<br \/>\nKontaktn\u00e9 \u0161o\u0161ovky Options Premier s\u00fa mimoriadne dobre hydratovan\u00e9. Va\u0161im o\u010diam zaru\u010duj\u00fa prirodzen\u00fa mieru zvlh\u010denia. Zni\u017euj\u00fa potrebu pou\u017e\u00edva\u0165 zvlh\u010duj\u00face kvapky a zabra\u0148uj\u00fa osychaniu povrchu oka, jeho podr\u00e1\u017edeniu a pr\u00edpadnej infekcii. Vysok\u00e1 hydrat\u00e1cia tie\u017e udr\u017euje kontaktn\u00e9 \u0161o\u0161ovky \u010dist\u00e9 a chr\u00e1ni ich pred ne\u010distotami a tvorbou usaden\u00edn na ich povrchu.<br \/>\nKontaktn\u00e9 \u0161o\u0161ovky Options Premier sa vyzna\u010duj\u00fa ve\u013emi dobrou priepustnos\u0165ou pre kysl\u00edk, ktor\u00e1 umo\u017e\u0148uje dostato\u010dn\u00e9 a st\u00e1le z\u00e1sobovanie rohovky kysl\u00edkom. V\u010faka tomu bud\u00fa va\u0161e o\u010di biele a jasn\u00e9 aj na konci dlh\u00e9ho a ru\u0161n\u00e9ho d\u0148a.<br \/>\nOptions Premier nespomalia va\u0161e denn\u00e9 tempo. Bud\u00fa s vami dr\u017ea\u0165 krok od rannej k\u00e1vy a\u017e do neskor\u00e9ho ve\u010dera. V\u010faka nim si budete m\u00f4c\u0165 u\u017e\u00edva\u0165 vynikaj\u00face videnie, jasn\u00e9, zdrav\u00e9 o\u010di a pohodlie, ktor\u00e9 si zasl\u00fa\u017eite.<br \/>\nNeuspokojte sa s oby\u010dajn\u00fdmi kontaktn\u00fdmi \u0161o\u0161ovkami. Vy\u017eadujte pohodlie kontaktn\u00fdch \u0161o\u0161oviek Options Premier!<\/p>\n","protected":false},"excerpt":{"rendered":"<div id=\"imCell_4\" class=\"imGrid[2, 2]\">\n<div id=\"imCellStyle_4\">\n<div id=\"imTextObject_4_tab0\" class=\"text-tab-content\">\n<div class=\"text-inner\">\n<h4>Options Premier\/6ks\/ Zakrivenie 8.6\/Priemer14,00<\/h4>\n<p>Indik\u00e1tor rub-l\u00edc: \u00a0Nie<br \/>\nMateri\u00e1l: \u00a0Comfilcon A<br \/>\nSo \u0161o\u0161ovkami sa m\u00f4\u017ee spa\u0165: \u00a0\u00c1no<br \/>\nObsah vody: \u00a048 %<br \/>\nPriepustnos\u0165 pre kysl\u00edk: \u00a0160 Dk\/t<br \/>\nSilik\u00f3n-hydrog\u00e9lov\u00e9: \u00a0\u00c1no<br \/>\nUV filter: \u00a0Nie<\/p>\n<p>Zafarbenie pre manipul\u00e1ciu: \u00a0\u00c1no<br \/>\nPriemer: \u00a014.0<br \/>\nRozsah dioptri\u00ed: \u00a0od -12.0 do +8.0<br \/>\nZakrivenie: \u00a08.6<br \/>\nModul pru\u017enosti: \u00a00.75 MPa<br \/>\nStredov\u00e1 hr\u00fabka: \u00a00.08 mm<br \/>\nExpir\u00e1cia: \u00a0Najmenej 24 mesiacov<br \/>\nV\u00fdrobca: \u00a0CooperVision<\/p>\n<\/div>\n<\/div>\n<\/div>\n<\/div>\n","protected":false},"featured_media":464,"template":"","meta":[],"product_brand":[],"product_cat":[15,17],"product_tag":[],"class_list":{"0":"post-465","1":"product","2":"type-product","3":"status-publish","4":"has-post-thumbnail","6":"product_cat-kontaktne-sosovky","7":"product_cat-kontaktne-sosovky-mesacne","9":"first","10":"instock","11":"taxable","12":"shipping-taxable","13":"purchasable","14":"product-type-variable"},"_links":{"self":[{"href":"https:\/\/optikapm.eu\/obchod\/wp-json\/wp\/v2\/product\/465","targetHints":{"allow":["GET"]}}],"collection":[{"href":"https:\/\/optikapm.eu\/obchod\/wp-json\/wp\/v2\/product"}],"about":[{"href":"https:\/\/optikapm.eu\/obchod\/wp-json\/wp\/v2\/types\/product"}],"wp:featuredmedia":[{"embeddable":true,"href":"https:\/\/optikapm.eu\/obchod\/wp-json\/wp\/v2\/media\/464"}],"wp:attachment":[{"href":"https:\/\/optikapm.eu\/obchod\/wp-json\/wp\/v2\/media?parent=465"}],"wp:term":[{"taxonomy":"product_brand","embeddable":true,"href":"https:\/\/optikapm.eu\/obchod\/wp-json\/wp\/v2\/product_brand?post=465"},{"taxonomy":"product_cat","embeddable":true,"href":"https:\/\/optikapm.eu\/obchod\/wp-json\/wp\/v2\/product_cat?post=465"},{"taxonomy":"product_tag","embeddable":true,"href":"https:\/\/optikapm.eu\/obchod\/wp-json\/wp\/v2\/product_tag?post=465"}],"curies":[{"name":"wp","href":"https:\/\/api.w.org\/{rel}","templated":true}]}}